digit of d?
0
Let o(k) = -13*k**3 + k**2 - 2. Let r be o(-1). Let b(g) = r*g - 17 - 20*g + 15*g. What is the units digit of b(16)?
5
Let i = 4 + -12. Let t = i - -17. Suppose -457 + 1924 = t*r. What is the tens digit of r?
6
Suppose 8*j + 90 = -j. Let p be (-14 + -1)*j/30. Suppose p*n - 2*t - 239 = -0*n, 2*n - 88 = -3*t. What is the tens digit of n?
4
Let x(m) = m**3 - 4*m**2 - 4*m + 4. Let y be x(5). Suppose -5*t = -y*t + 44. Suppose 3*w - t*w = -1136. What is the tens digit of w?
4
Let p be (88 - 2) + -2 + 1. Suppose -14*u - 4228 = -4158. Let f = p - u. What is the tens digit of f?
9
Suppose 48*f + 66690 = -16*f + 91*f. What is the hundreds digit of f?
4
Let f be (-10 - 2)*((-18)/2 + 4). Suppose 0 = 2*b + 147 - 3. What is the units digit of 6*70/(-8)*b/f?
3
Let v = 84617 + -49175. What is the units digit of v?
2
Let z = 726 + -401. Let s = 1375 - z. What is the units digit of s?
0
Let u be 16/(-14)*(-238)/68. Suppose -u*v - 4*y = -500 - 600, v = 4*y + 290. What is the hundreds digit of v?
2
Suppose -224 = -2*m - 90. Let f = -37 + m. Suppose f = -2*t + 110. What is the units digit of t?
0
Let m(r) = 2765*r + 48. Let a be m(-1). What is the hundreds digit of 48/(-96)*(a + (-2 - -1))?
3
Let k(c) = 4*c + 7. Let t be k(-1). Suppose -6 = -2*s - v, 4*s + 2*v - 24 = t*v. Suppose s*p - 493 = 77. What is the tens digit of p?
1
Suppose 14*c - 2490 = 8*c. Let j = c - 249. What is the tens digit of j?
6
Suppose -4*x + 3*a + 14 = 0, -5*x = -a - 11 - 12. Suppose 0 = -5*n + s + s + 25, 19 = -2*n - x*s. What is the tens digit of ((6 + -3)/3)/n*438?
4
Let g(k) = -k**3 - 2*k**2 - k - 5. Let i be g(0). What is the units digit of -11 + 112 - (0 + i)?
6
Let z = 143 + -143. Suppose z = 3*y - 1622 + 32. What is the units digit of y?
0
Suppose 0 = -5*k - 3*u + 124, 2 = -u - 0*u. Suppose -123*c + 2904 = 24*c - 15*c. Suppose c + k = 3*o. What is the tens digit of o?
1
Let l(w) = -3668*w - 11974. What is the thousands digit of l(-7)?
3
Suppose -3*r + 817 + 953 = 0. Let b = r - 241. What is the units digit of b?
9
Let x = 236 + -232. Suppose o + 3*j = x*o - 1977, 0 = o - 4*j - 644. What is the tens digit of o?
6
Let f(x) = 22*x**3 - 5*x + 4. Suppose -5*y = -2*g + 14, -3*g + 12 = g - 2*y. What is the hundreds digit of f(g)?
1
Suppose 2*u = -0*u + 6. Suppose u*k = r + 119, -5*k = -3*r - 163 - 34. Let t = 5 + k. What is the tens digit of t?
4
Suppose -4*h - 10004 = -4*y, 0*h + 2*h = 4*y - 9996. Suppose -6*r + y + 341 = 0. What is the tens digit of r?
7
Let o(n) = -37*n**2 + 112*n - 71. Let k(u) = 9*u**2 - 28*u + 18. Let m(b) = 9*k(b) + 2*o(b). What is the hundreds digit of m(-6)?
4
Let n = -26838 - -44785. What is the hundreds digit of n?
9
Let j = 265 - 30. Suppose 2*r - 515 = j. What is the hundreds digit of r?
3
What is the hundreds digit of 3/(-15) - 2311776/(-480)?
8
Suppose -37281 = -3*y - 3*l, 916*y - 918*y - 3*l + 24849 = 0. What is the ten thousands digit of y?
1
Suppose 25*v = -1710 + 29535. Suppose 0 = -3*y - d + 2322, 3*y - 1197 = -5*d + v. What is the tens digit of y?
7
Let q(p) = -2*p**2 - 41*p + 11. Let h be q(-11). Let z = h + 698. What is the tens digit of z?
1
Let t = -37 - -39. Suppose 4*k = 5*i - 330 + 99, 5*i - t*k - 223 = 0. What is the tens digit of i?
4
Suppose -3*r = 2*q - 81, -q = -5*r - 83 + 23. Let h be ((-60)/q)/(2/417). Let u = 405 + h. What is the units digit of u?
7
Suppose -25578 = -1695*y + 1677*y. What is the tens digit of y?
2
Let s be (-66)/2 + 0/(-3). Let f = 1269 + -1295. Let u = f - s. What is the units digit of u?
7
Let o be (-3)/(-1) + -1 - 29489/37. Let v = 1287 + o. What is the units digit of v?
2
Suppose 3 - 6 = -m. Suppose u + 4*f = -1836, 6*u + 5475 = m*u - f. What is the tens digit of u/(-60) + (-6)/(-10)?
3
Suppose 2*d - 5*d - 12 = 0, 4*j = -d + 8. Let f be (-1160)/(-70) + (-2)/(70/(-15)). Suppose 2*s - 3*w = 143, -2*w + f + 178 = j*s. What is the tens digit of s?
6
Let g(l) = -l**3 - 6*l - 22. Let t be g(-7). Let k = t + -210. What is the hundreds digit of 1 + -3 + k + (-9 - -7)?
1
Suppose -4050 = -2*k + 2318. What is the thousands digit of k?
3
Let o = 97 + -893. Let c = o + 1932. What is the hundreds digit of c?
1
Suppose -1 = 7*g - 22. Suppose 0 = g*v + 2*r - 21, -v + 11 = r + 3. Suppose -2*k - 5 = 1, 5*k + 1345 = v*b. What is the units digit of b?
6
Suppose -1221*g = -1231*g + 43410. What is the thousands digit of g?
4
Let n(c) = -3*c - 3. Suppose -5*m = -d + 90, -4*m + d - 51 = -4*d. Let k be n(m). Suppose 11 = o - k. What is the units digit of o?
5
Suppose -17 + 3 = -3*u - 2*y, 2*y + 2 = u. Suppose -3*c = u*k + 635, -c = 2*k - 113 + 326. Let d = c - -372. What is the tens digit of d?
6
Let k be (-11)/(-22) - ((-21)/(-6) - 2). Let j be ((2 - 3) + 2)/k. What is the units digit of (1287/65)/(9/(-10) - j)?
8
Suppose -5*z + 55914 - 20904 = -q, -20 = 4*q. What is the units digit of z?
1
Let s(d) = 8*d**3 - 5*d**2 + 11*d + 4. Let v be (-11 - -8)/((-1)/1). Let z be s(v). Let c = z + -120. What is the tens digit of c?
8
Let f = -3199 + 6897. What is the tens digit of f?
9
Suppose -5*m = 3*u - 27835, 2*u + 3*m = -594 + 19151. What is the thousands digit of u?
9
Suppose -23*h = -37980 - 44866. What is the units digit of h?
2
Suppose -2*h + 3938 = -2*q, 3*h + 4*q - 3203 = 2683. Let d = h + -1171. What is the tens digit of d?
9
Suppose -4*v - 19 = 5. Let s be (-184)/(-12) + 8/v. Suppose 0 = s*x - 9*x - 590. What is the units digit of x?
8
Let y(o) = 12*o**2 - 79*o - 169. What is the tens digit of y(17)?
5
Let y = -3939 + 8879. What is the units digit of y?
0
Let i(l) = -3*l - 11. Let x(d) = -6*d - 22. Let f(r) = 9*i(r) - 4*x(r). Let g(c) = 7*c + 22. Let s(p) = 13*f(p) + 6*g(p). What is the units digit of s(5)?
4
Let h(q) = -2*q**3 + 17*q**2 + 28*q - 162. What is the tens digit of h(-12)?
0
Suppose 0 = -1261*q + 1265*q - 9792. What is the thousands digit of q?
2
Let n(s) = 1145*s + 10. Let a be n(1). Suppose 0 = -4*v + 5*d + a, 5*d - 358 - 197 = -2*v. What is the hundreds digit of v?
2
Let s(p) = -5*p - 63. Let w(n) = -2*n - 31. Suppose 2*g - 3*q = 12, -q - 3*q = 0. Let d(v) = g*s(v) - 13*w(v). What is the units digit of d(-6)?
9
What is the tens digit of (1202/32)/((-5)/(-970)) - (-41)/(-328)?
8
Let f(g) be the second derivative of 0 + 3*g**3 - 11*g + 7/2*g**2. What is the units digit of f(5)?
7
Let z = 22 + -24. What is the tens digit of (939 - z)*6/(-3 - -9)?
4
Let k be 72/(-16)*4/(-6). Suppose u = -3*h + k, h + 4*u = -h + 12. Let q(r) = r**3 - r**2 + r + 44. What is the units digit of q(h)?
4
Let x = -7 + 9. Suppose -4*f = -5*u - 430, -x*f + 5*u + 219 + 1 = 0. Suppose -4*o = 3*g - 22 - f, 49 = g + 3*o. What is the tens digit of g?
3
Let j(g) = 11*g**2 + 6*g - 4. Let o(v) = v + 2. Let p be o(6). What is the hundreds digit of j(p)?
7
Let v(h) = 2*h**2 + 26*h - 34. Let p be v(-17). Let u = p + -69. Suppose 13*x = u*x - 1520. What is the units digit of x?
6
What is the tens digit of (-6)/(-60) + (-3984801)/(-590)?
5
Let y = -41446 + 87934. What is the thousands digit of y?
6
Suppose 28*r = 2060 - 408. Suppose r*d - 8208 = 47*d. What is the units digit of d?
4
Let q = 5064 - 2840. Suppose -9*n = -4247 - q. What is the tens digit of n?
1
Let n be 12*((-3)/5)/(2/30). Let f = 122 + n. Suppose f*l - 1674 = 5*l. What is the tens digit of l?
8
Let r = 22079 + -14028. What is the hundreds digit of r?
0
Let y be -3 + ((-5)/5 - -3). Let d be 21 - 19 - (-1 + 28)/y. Let z = d + -10. What is the units digit of z?
9
What is the units digit of (90077/(-507))/(0 - 2/6)?
3
Let x(r) be the second derivative of r**4/6 + 3*r**3/2 + 2*r**2 - 4*r. Let a be x(9). Suppose a = 3*p - o, 4*p + 3*o - 338 = -0*p. What is the tens digit of p?
8
Suppose 3334 = 14*d - 18170. Let m = 279 + d. What is the hundreds digit of m?
8
Let i = 48 - 54. Let u be (i + 1)*3168/(-30). Suppose 0*d - u = -4*d. What is the units digit of d?
2
Let y = -5140 - -10088. What is the thousands digit of y?
4
Let y be 24701/(-136) + 12/(-32). Let c = 38 - y. What is the tens digit of c?
2
Let d(n) = -4*n**3 + 2*n**2 + 4*n + 1. Let f(m) = -3*m**3 + m**2 + 4*m. Let u(s) = -2*d(s) + 3*f(s). What is the hundreds digit of u(-6)?
1
Let x = -20 - 4. Suppose -2*d + g - 93 = 0, 3*g - 20 = -5*d - 247. What is the units digit of (x/5)/(d/805)?
4
Suppose 3*i - 5*v - 25954 = 0, -i + 3*i = 5*v + 